{"id":17,"date":"2015-08-14T20:11:13","date_gmt":"2015-08-14T20:11:13","guid":{"rendered":"http:\/\/ww2.btcenglish.com.br\/wordpress\/?page_id=17"},"modified":"2020-10-04T23:50:33","modified_gmt":"2020-10-05T02:50:33","slug":"cursos-tecnicos-em-ingles","status":"publish","type":"page","link":"https:\/\/ww2.btcenglish.com.br\/wordpress\/cursos-tecnicos-em-ingles\/","title":{"rendered":"Curso de Ingl\u00eas T\u00e9cnico e Comercial"},"content":{"rendered":"<div id=\"pl-17\"  class=\"panel-layout\" ><div id=\"pg-17-0\"  class=\"panel-grid panel-no-style\" ><div id=\"pgc-17-0-0\"  class=\"panel-grid-cell\" ><div id=\"panel-17-0-0-0\" class=\"so-panel widget widget_sow-hero panel-first-child panel-last-child\" data-index=\"0\" ><div\n\t\t\t\n\t\t\tclass=\"so-widget-sow-hero so-widget-sow-hero-default-406bfdc0e273-17\"\n\t\t\t\n\t\t><div class=\"sow-slider-base\" style=\"display: none\"><ul\n\t\t\t\t\tclass=\"sow-slider-images\"\n\t\t\t\t\tdata-settings=\"{&quot;pagination&quot;:true,&quot;speed&quot;:800,&quot;timeout&quot;:8000,&quot;paused&quot;:false,&quot;pause_on_hover&quot;:false,&quot;swipe&quot;:false,&quot;nav_always_show_desktop&quot;:&quot;&quot;,&quot;nav_always_show_mobile&quot;:&quot;&quot;,&quot;breakpoint&quot;:&quot;780px&quot;,&quot;unmute&quot;:false,&quot;anchor&quot;:null}\"\n\t\t\t\t\t\t\t\t\t\tdata-anchor-id=\"\"\n\t\t\t\t>\t\t<li class=\"sow-slider-image  sow-slider-image-cover\" style=\"background-color: #333333\" >\n\t\t\t\t\t<div class=\"sow-slider-image-container\">\n\t\t\t<div class=\"sow-slider-image-wrapper\">\n\t\t\t\t<h1 style=\"text-align: center\">CURSO DE INGL\u00caS T\u00c9CNICO E COMERCIAL<\/h1>\n<h1 style=\"text-align: center\"><span style=\"color: #ff6600\">Cursos espec\u00edficos dentro de cada \u00e1rea de atua\u00e7\u00e3o<\/span><\/h1>\t\t\t<\/div>\n\t\t<\/div>\n\t\t<div class=\"sow-slider-image-overlay sow-slider-image-cover\" style=\"background-image: url(https:\/\/ww2.btcenglish.com.br\/wordpress\/wp-content\/uploads\/2015\/08\/e837b50a2ff3073ecd0b4204e2445b97e673e3d51eb9144195_1920.jpg);opacity: 0.4\"  ><\/div>\t\t<\/li>\n\t\t<\/ul>\t\t\t\t<ol class=\"sow-slider-pagination\">\n\t\t\t\t\t\t\t\t\t\t\t<li><a href=\"#\" data-goto=\"0\" aria-label=\"display slide 1\"><\/a><\/li>\n\t\t\t\t\t\t\t\t\t<\/ol>\n\n\t\t\t\t<div class=\"sow-slide-nav sow-slide-nav-next\">\n\t\t\t\t\t<a href=\"#\" data-goto=\"next\" aria-label=\"next slide\" data-action=\"next\">\n\t\t\t\t\t\t<em class=\"sow-sld-icon-thin-right\"><\/em>\n\t\t\t\t\t<\/a>\n\t\t\t\t<\/div>\n\n\t\t\t\t<div class=\"sow-slide-nav sow-slide-nav-prev\">\n\t\t\t\t\t<a href=\"#\" data-goto=\"previous\" aria-label=\"previous slide\" data-action=\"prev\">\n\t\t\t\t\t\t<em class=\"sow-sld-icon-thin-left\"><\/em>\n\t\t\t\t\t<\/a>\n\t\t\t\t<\/div>\n\t\t\t\t<\/div><\/div><\/div><\/div><\/div><div id=\"pg-17-1\"  class=\"panel-grid panel-has-style\" ><div class=\"siteorigin-panels-stretch panel-row-style panel-row-style-for-17-1\" data-stretch-type=\"full\" ><div id=\"pgc-17-1-0\"  class=\"panel-grid-cell\" ><div id=\"panel-17-1-0-0\" class=\"so-panel widget widget_sow-editor panel-first-child\" data-index=\"1\" ><div class=\"panel-widget-style panel-widget-style-for-17-1-0-0\" ><div\n\t\t\t\n\t\t\tclass=\"so-widget-sow-editor so-widget-sow-editor-base\"\n\t\t\t\n\t\t><h3 class=\"widget-title\">LINGUAGEM COMERCIAL e EMPRESARIAL COM CONVERSA\u00c7\u00c3O<\/h3>\n<div class=\"siteorigin-widget-tinymce textwidget\">\n\t<p><strong>Objetivo<\/strong><span>: Este curso da \u00eanfase \u00e0 Linguagem Empresarial atrav\u00e9s de textos, revis\u00e3o gramatical, exerc\u00edcios e an\u00e1lise de v\u00e1rias empresas de porte, paralelo a conversa\u00e7\u00e3o com material audiovisual.<\/span><br \/>\n<strong>N\u00edve<\/strong><span>l: Intermedi\u00e1rio e Avan\u00e7ado<\/span><br \/>\n<strong>Dura\u00e7\u00e3o<\/strong><span>: 120h<\/span><\/p>\n<\/div>\n<\/div><\/div><\/div><div id=\"panel-17-1-0-1\" class=\"so-panel widget widget_sow-editor\" data-index=\"2\" ><div class=\"panel-widget-style panel-widget-style-for-17-1-0-1\" ><div\n\t\t\t\n\t\t\tclass=\"so-widget-sow-editor so-widget-sow-editor-base\"\n\t\t\t\n\t\t><h3 class=\"widget-title\">LINGUAGEM DE IMPORTA\u00c7\u00c3O e EXPORTA\u00c7\u00c3O COM CONVERSA\u00c7\u00c3O<\/h3>\n<div class=\"siteorigin-widget-tinymce textwidget\">\n\t<p><span><strong>Objetivo<\/strong>: Curso muito interessante com foco na Linguagem de Importa\u00e7\u00e3o Exporta\u00e7\u00e3o paralelo \u00e0 conversa\u00e7\u00e3o e escrita.<\/span><br \/>\n<span><strong>N\u00edvel<\/strong>: Intermedi\u00e1rio ao Avan\u00e7ado<\/span><br \/>\n<span><strong>Dura\u00e7\u00e3o<\/strong>: 60horas<\/span><\/p>\n<\/div>\n<\/div><\/div><\/div><div id=\"panel-17-1-0-2\" class=\"so-panel widget widget_sow-editor\" data-index=\"3\" ><div class=\"panel-widget-style panel-widget-style-for-17-1-0-2\" ><div\n\t\t\t\n\t\t\tclass=\"so-widget-sow-editor so-widget-sow-editor-base\"\n\t\t\t\n\t\t><h3 class=\"widget-title\">COMO FAZER e ANALISAR RELAT\u00d3RIOS<\/h3>\n<div class=\"siteorigin-widget-tinymce textwidget\">\n\t<p><strong>Objetivo<\/strong>: Fazer e analisar Relat\u00f3rios Comerciais paralelo a conversa\u00e7\u00e3o, an\u00e1lise de textos e exerc\u00edcios.<br \/>\n<strong>N\u00edvel<\/strong>: Intermedi\u00e1rio ao Avan\u00e7ado<br \/>\n<strong>Dura\u00e7\u00e3o<\/strong>: 60h<\/p>\n<\/div>\n<\/div><\/div><\/div><div id=\"panel-17-1-0-3\" class=\"so-panel widget widget_sow-editor\" data-index=\"4\" ><div class=\"panel-widget-style panel-widget-style-for-17-1-0-3\" ><div\n\t\t\t\n\t\t\tclass=\"so-widget-sow-editor so-widget-sow-editor-base\"\n\t\t\t\n\t\t><h3 class=\"widget-title\">LINGUAGEM BANC\u00c1RIA<\/h3>\n<div class=\"siteorigin-widget-tinymce textwidget\">\n\t<p><strong>Objetivo<\/strong>: Aprender a Linguagem Banc\u00e1ria e de Economia atrav\u00e9s da conversa\u00e7\u00e3o junto a textos, exerc\u00edcios e conversa\u00e7\u00e3o.<br \/>\n<strong>N\u00edve<\/strong>l: Intermedi\u00e1rio ao Avan\u00e7ado<br \/>\n<strong>Dura\u00e7\u00e3o<\/strong>: 60 horas<\/p>\n<\/div>\n<\/div><\/div><\/div><div id=\"panel-17-1-0-4\" class=\"so-panel widget widget_sow-editor\" data-index=\"5\" ><div class=\"panel-widget-style panel-widget-style-for-17-1-0-4\" ><div\n\t\t\t\n\t\t\tclass=\"so-widget-sow-editor so-widget-sow-editor-base\"\n\t\t\t\n\t\t><h3 class=\"widget-title\">CORRESPOND\u00caNCIA COMERCIAL<\/h3>\n<div class=\"siteorigin-widget-tinymce textwidget\">\n\t<p><strong>Objetivo<\/strong>: Aprender a Linguagem Comercial, Empresarial e de Importa\u00e7\u00e3o e Exporta\u00e7\u00e3o atrav\u00e9s do estudo de cartas e t\u00e9cnica internacional de escrita paralelo a conversa\u00e7\u00e3o e exerc\u00edcios.<br \/>\n<strong>N\u00edvel<\/strong>: Intermedi\u00e1rio ao Avan\u00e7ado<br \/>\n<strong>Dura\u00e7\u00e3o<\/strong>: 60h<\/p>\n<\/div>\n<\/div><\/div><\/div><div id=\"panel-17-1-0-5\" class=\"so-panel widget widget_sow-editor\" data-index=\"6\" ><div class=\"panel-widget-style panel-widget-style-for-17-1-0-5\" ><div\n\t\t\t\n\t\t\tclass=\"so-widget-sow-editor so-widget-sow-editor-base\"\n\t\t\t\n\t\t><h3 class=\"widget-title\">INGL\u00caS B\u00c1SICO PARA COMPUTA\u00c7\u00c3O<\/h3>\n<div class=\"siteorigin-widget-tinymce textwidget\">\n\t<p><strong>N\u00edve<\/strong>l: B\u00e1sico ao Avan\u00e7ado<br \/>\n<strong>Dura\u00e7\u00e3o<\/strong>: 60 horas por n\u00edvel<br \/>\n<strong>Objetivo<\/strong>: Aprender a linguagem de Computa\u00e7\u00e3o atrav\u00e9s da conversa\u00e7\u00e3o, textos e revis\u00e3o gramatical.<\/p>\n<p>&nbsp;<\/p>\n<\/div>\n<\/div><\/div><\/div><div id=\"panel-17-1-0-6\" class=\"so-panel widget widget_sow-editor\" data-index=\"7\" ><div class=\"panel-widget-style panel-widget-style-for-17-1-0-6\" ><div\n\t\t\t\n\t\t\tclass=\"so-widget-sow-editor so-widget-sow-editor-base\"\n\t\t\t\n\t\t><h3 class=\"widget-title\">CURSO PARA TELEFONISTAS<\/h3>\n<div class=\"siteorigin-widget-tinymce textwidget\">\n\t<p><strong>Objetivo<\/strong>: Ensinar as t\u00e9cnicas b\u00e1sicas de atendimento profissional no telefone atrav\u00e9s da conversa\u00e7\u00e3o, gram\u00e1tica b\u00e1sica, pr\u00e1tica e exerc\u00edcios.<br \/>\n<strong>N\u00edvel<\/strong>: B\u00e1sico ao Pr\u00e9-intermedi\u00e1rio<br \/>\n<strong>Dura\u00e7\u00e3o<\/strong>: 60 horas<\/p>\n<\/div>\n<\/div><\/div><\/div><div id=\"panel-17-1-0-7\" class=\"so-panel widget widget_sow-editor\" data-index=\"8\" ><div class=\"panel-widget-style panel-widget-style-for-17-1-0-7\" ><div\n\t\t\t\n\t\t\tclass=\"so-widget-sow-editor so-widget-sow-editor-base\"\n\t\t\t\n\t\t><h3 class=\"widget-title\">LINGUAGEM T\u00c9CNICA DE TURISMO<\/h3>\n<div class=\"siteorigin-widget-tinymce textwidget\">\n\t<p>Objetivo: Ensinar a Linguagem Comercial de Ag\u00eancias de Turismo acoplado ao Ingl\u00eas de Sobreviv\u00eancia em situa\u00e7\u00f5es diversas com esclarecimento gramatical.<br \/>\n<strong>N\u00edvel<\/strong>: Pr\u00e9-intermedi\u00e1rio ao Avan\u00e7ado<br \/>\n<strong>Dura\u00e7\u00e3o<\/strong>: 120 horas<\/p>\n<\/div>\n<\/div><\/div><\/div><div id=\"panel-17-1-0-8\" class=\"so-panel widget widget_sow-editor\" data-index=\"9\" ><div class=\"panel-widget-style panel-widget-style-for-17-1-0-8\" ><div\n\t\t\t\n\t\t\tclass=\"so-widget-sow-editor so-widget-sow-editor-base\"\n\t\t\t\n\t\t><h3 class=\"widget-title\">INGL\u00caS T\u00c9CNICO ESSENCIAL PARA ESTUDAR EM ESCOLAS INTERNACIONAIS<\/h3>\n<div class=\"siteorigin-widget-tinymce textwidget\">\n\t<p><strong>Objetivo<\/strong>: Preparar o aluno para compreender as aulas das v\u00e1rias mat\u00e9rias ministradas em uma escola de ensino fundamental e m\u00e9dio, das \u00e1reas exatas e humanas, paralelo ao ensino geral gramatical.<br \/>\n<strong>N\u00edvel<\/strong>: B\u00e1sico ao avan\u00e7ado<br \/>\n<strong>Dura\u00e7\u00e3o<\/strong>: 120 horas para cada n\u00edvel<\/p>\n<\/div>\n<\/div><\/div><\/div><div id=\"panel-17-1-0-9\" class=\"so-panel widget widget_sow-editor\" data-index=\"10\" ><div class=\"panel-widget-style panel-widget-style-for-17-1-0-9\" ><div\n\t\t\t\n\t\t\tclass=\"so-widget-sow-editor so-widget-sow-editor-base\"\n\t\t\t\n\t\t><h3 class=\"widget-title\">LINGUAGEM GERAL DE ENGENHARIA COM CONVERSA\u00c7\u00c3O<\/h3>\n<div class=\"siteorigin-widget-tinymce textwidget\">\n\t<p><strong>\u00a0<\/strong><\/p>\n<p><strong>Objetivo<\/strong>: Preparar o aluno para compreender a Linguagem T\u00e9cnica da Engenharia. Esclarecimento geral gramatical acoplado a conversa\u00e7\u00e3o, textos, leitura e exerc\u00edcios.<br \/>\n<strong>N\u00edvel<\/strong>: Intermedi\u00e1rio ao Avan\u00e7ado<br \/>\n<strong>Dura\u00e7\u00e3o<\/strong>: 120 horas<\/p>\n<p><span style=\"color: #ffffff;\">\u00a0<\/span><\/p>\n<\/div>\n<\/div><\/div><\/div><div id=\"panel-17-1-0-10\" class=\"so-panel widget widget_sow-editor\" data-index=\"11\" ><div class=\"panel-widget-style panel-widget-style-for-17-1-0-10\" ><div\n\t\t\t\n\t\t\tclass=\"so-widget-sow-editor so-widget-sow-editor-base\"\n\t\t\t\n\t\t><h3 class=\"widget-title\">LINGUAGEM GERAL PARA MEDICINA COM CONVERSA\u00c7\u00c3O<\/h3>\n<div class=\"siteorigin-widget-tinymce textwidget\">\n\t<p><strong>Objetivo<\/strong>: Preparar o aluno para compreender a Linguagem T\u00e9cnica da Medicina. Esclarecimento geral gramatical acoplado a conversa\u00e7\u00e3o, textos, leitura e exerc\u00edcios.<br \/>\n<strong>N\u00edvel<\/strong>: Intermedi\u00e1rio ao Avan\u00e7ado<br \/>\n<strong>Dura\u00e7\u00e3o<\/strong>: 120 horas<\/p>\n<\/div>\n<\/div><\/div><\/div><div id=\"panel-17-1-0-11\" class=\"so-panel widget widget_sow-editor\" data-index=\"12\" ><div class=\"panel-widget-style panel-widget-style-for-17-1-0-11\" ><div\n\t\t\t\n\t\t\tclass=\"so-widget-sow-editor so-widget-sow-editor-base\"\n\t\t\t\n\t\t><h3 class=\"widget-title\">LINGUAGEM GERAL DE ECONOMIA COM CONVERSA\u00c7\u00c3O<\/h3>\n<div class=\"siteorigin-widget-tinymce textwidget\">\n\t<p><strong>Objetivo<\/strong>: Preparar o aluno para compreender a Linguagem T\u00e9cnica da Economia. Esclarecimento geral gramatical acoplado a conversa\u00e7\u00e3o, textos, leitura e exerc\u00edcios.<br \/>\n<strong>N\u00edvel<\/strong>: Intermedi\u00e1rio ao Avan\u00e7ado<br \/>\n<strong>Dura\u00e7\u00e3o<\/strong>: 120h<\/p>\n<p>&nbsp;<\/p>\n<p><span style=\"color: #ffffff;\">\u00a0<\/span><\/p>\n<\/div>\n<\/div><\/div><\/div><div id=\"panel-17-1-0-12\" class=\"so-panel widget widget_sow-editor panel-last-child\" data-index=\"13\" ><div class=\"panel-widget-style panel-widget-style-for-17-1-0-12\" ><div\n\t\t\t\n\t\t\tclass=\"so-widget-sow-editor so-widget-sow-editor-base\"\n\t\t\t\n\t\t><h3 class=\"widget-title\">LINGUAGEM GERAL DE TELECOMUNICA\u00c7\u00d5ES<\/h3>\n<div class=\"siteorigin-widget-tinymce textwidget\">\n\t<p><strong><br \/>\nObjetivo<\/strong>: Preparar o aluno para compreender a linguagem T\u00e9cnica de Telecomunica\u00e7\u00f5es. Esclarecimento geral gramatical acoplado a conversa\u00e7\u00e3o, textos, leitura e exerc\u00edcios.<br \/>\n<strong>N\u00edvel<\/strong>: Intermedi\u00e1rio ao Avan\u00e7ado<br \/>\n<strong>Dura\u00e7\u00e3o<\/strong>: 60h<\/p>\n<\/div>\n<\/div><\/div><\/div><\/div><\/div><\/div><\/div>","protected":false},"excerpt":{"rendered":"<p>Objetivo: Este curso da \u00eanfase \u00e0 Linguagem Empresarial atrav\u00e9s de textos, revis\u00e3o gramatical, exerc\u00edcios e an\u00e1lise de v\u00e1rias empresas de porte, paralelo a conversa\u00e7\u00e3o com material audiovisual. N\u00edvel: Intermedi\u00e1rio e Avan\u00e7ado Dura\u00e7\u00e3o: 120h Objetivo: Curso muito interessante com foco na Linguagem de Importa\u00e7\u00e3o Exporta\u00e7\u00e3o paralelo \u00e0 conversa\u00e7\u00e3o e escrita. N\u00edvel: [&hellip;]<\/p>\n","protected":false},"author":1,"featured_media":0,"parent":0,"menu_order":0,"comment_status":"open","ping_status":"open","template":"page-templates\/template-pagebuilder-full-width.php","meta":[],"_links":{"self":[{"href":"https:\/\/ww2.btcenglish.com.br\/wordpress\/wp-json\/wp\/v2\/pages\/17"}],"collection":[{"href":"https:\/\/ww2.btcenglish.com.br\/wordpress\/wp-json\/wp\/v2\/pages"}],"about":[{"href":"https:\/\/ww2.btcenglish.com.br\/wordpress\/wp-json\/wp\/v2\/types\/page"}],"author":[{"embeddable":true,"href":"https:\/\/ww2.btcenglish.com.br\/wordpress\/wp-json\/wp\/v2\/users\/1"}],"replies":[{"embeddable":true,"href":"https:\/\/ww2.btcenglish.com.br\/wordpress\/wp-json\/wp\/v2\/comments?post=17"}],"version-history":[{"count":51,"href":"https:\/\/ww2.btcenglish.com.br\/wordpress\/wp-json\/wp\/v2\/pages\/17\/revisions"}],"predecessor-version":[{"id":4508,"href":"https:\/\/ww2.btcenglish.com.br\/wordpress\/wp-json\/wp\/v2\/pages\/17\/revisions\/4508"}],"wp:attachment":[{"href":"https:\/\/ww2.btcenglish.com.br\/wordpress\/wp-json\/wp\/v2\/media?parent=17"}],"curies":[{"name":"wp","href":"https:\/\/api.w.org\/{rel}","templated":true}]}}