{"id":12,"date":"2015-08-14T19:53:10","date_gmt":"2015-08-14T19:53:10","guid":{"rendered":"http:\/\/ww2.btcenglish.com.br\/wordpress\/?page_id=12"},"modified":"2015-08-31T15:02:05","modified_gmt":"2015-08-31T18:02:05","slug":"btc-english","status":"publish","type":"page","link":"https:\/\/ww2.btcenglish.com.br\/wordpress\/btc-english\/","title":{"rendered":"BTC English"},"content":{"rendered":"<p>BTC English<\/p>\n<div id=\"page-body\">\n<div class=\"wrapper floatholder\">\n<div id=\"middle\">\n<div class=\"background layoutleft\">\n<div id=\"main\">\n<div id=\"main_container\" class=\"clearingfix\">\n<ul>\n<li><a href=\"http:\/\/ww2.btcenglish.com.br\/wordpress\/a-escola\/\">A Escola<\/a><\/li>\n<li><a href=\"http:\/\/ww2.btcenglish.com.br\/wordpress\/albums\/foto\/\">Conhe\u00e7a a BTC English<\/a><\/li>\n<li><a href=\"http:\/\/ww2.btcenglish.com.br\/wordpress\/cursos-tecnicos-em-ingles\/\">Cursos T\u00e9cnicos<\/a><\/li>\n<li><a href=\"http:\/\/ww2.btcenglish.com.br\/wordpress\/horarios-de-aula\/\">Hor\u00e1rios<\/a><\/li>\n<li><a href=\"http:\/\/ww2.btcenglish.com.br\/wordpress\/localizacao\/\">Localiza\u00e7\u00e3o<\/a><\/li>\n<li><a href=\"http:\/\/ww2.btcenglish.com.br\/wordpress\/o-livro\/\">O Livro<\/a><\/li>\n<\/ul>\n<\/div>\n<\/div>\n<\/div>\n<\/div>\n<\/div>\n<\/div>\n","protected":false},"excerpt":{"rendered":"<p>BTC English A Escola Conhe\u00e7a a BTC English Cursos T\u00e9cnicos Hor\u00e1rios Localiza\u00e7\u00e3o O Livro<\/p>\n","protected":false},"author":1,"featured_media":0,"parent":0,"menu_order":0,"comment_status":"open","ping_status":"open","template":"","meta":[],"_links":{"self":[{"href":"https:\/\/ww2.btcenglish.com.br\/wordpress\/wp-json\/wp\/v2\/pages\/12"}],"collection":[{"href":"https:\/\/ww2.btcenglish.com.br\/wordpress\/wp-json\/wp\/v2\/pages"}],"about":[{"href":"https:\/\/ww2.btcenglish.com.br\/wordpress\/wp-json\/wp\/v2\/types\/page"}],"author":[{"embeddable":true,"href":"https:\/\/ww2.btcenglish.com.br\/wordpress\/wp-json\/wp\/v2\/users\/1"}],"replies":[{"embeddable":true,"href":"https:\/\/ww2.btcenglish.com.br\/wordpress\/wp-json\/wp\/v2\/comments?post=12"}],"version-history":[{"count":3,"href":"https:\/\/ww2.btcenglish.com.br\/wordpress\/wp-json\/wp\/v2\/pages\/12\/revisions"}],"predecessor-version":[{"id":66,"href":"https:\/\/ww2.btcenglish.com.br\/wordpress\/wp-json\/wp\/v2\/pages\/12\/revisions\/66"}],"wp:attachment":[{"href":"https:\/\/ww2.btcenglish.com.br\/wordpress\/wp-json\/wp\/v2\/media?parent=12"}],"curies":[{"name":"wp","href":"https:\/\/api.w.org\/{rel}","templated":true}]}}