{"id":101,"date":"2015-08-17T19:47:26","date_gmt":"2015-08-17T19:47:26","guid":{"rendered":"http:\/\/ww2.btcenglish.com.br\/wordpress\/?page_id=101"},"modified":"2021-12-08T19:37:13","modified_gmt":"2021-12-08T22:37:13","slug":"calendario-2021","status":"publish","type":"page","link":"https:\/\/ww2.btcenglish.com.br\/wordpress\/calendario-2021\/","title":{"rendered":"Calend\u00e1rio 2022"},"content":{"rendered":"<div id=\"pl-101\"  class=\"panel-layout\" ><div id=\"pg-101-0\"  class=\"panel-grid panel-no-style\" ><div id=\"pgc-101-0-0\"  class=\"panel-grid-cell\" ><div id=\"panel-101-0-0-0\" class=\"so-panel widget widget_sow-hero panel-first-child panel-last-child\" data-index=\"0\" ><div\n\t\t\t\n\t\t\tclass=\"so-widget-sow-hero so-widget-sow-hero-default-a2eaa81b7f16-101\"\n\t\t\t\n\t\t><div class=\"sow-slider-base\" style=\"display: none\"><ul\n\t\t\t\t\tclass=\"sow-slider-images\"\n\t\t\t\t\tdata-settings=\"{&quot;pagination&quot;:true,&quot;speed&quot;:800,&quot;timeout&quot;:8000,&quot;paused&quot;:false,&quot;pause_on_hover&quot;:false,&quot;swipe&quot;:true,&quot;nav_always_show_desktop&quot;:&quot;&quot;,&quot;nav_always_show_mobile&quot;:&quot;&quot;,&quot;breakpoint&quot;:&quot;780px&quot;,&quot;unmute&quot;:false,&quot;anchor&quot;:null}\"\n\t\t\t\t\t\t\t\t\t\tdata-anchor-id=\"\"\n\t\t\t\t>\t\t<li class=\"sow-slider-image  sow-slider-image-cover\" style=\"background-color: #333333\" >\n\t\t\t\t\t<div class=\"sow-slider-image-container\">\n\t\t\t<div class=\"sow-slider-image-wrapper\">\n\t\t\t\t<h1 style=\"text-align: center\"><span style=\"color: #ffffff\">Confira nossos calend\u00e1rios para 2021 e Nov\/2020<\/span><\/h1>\n\t\t\t<\/div>\n\t\t<\/div>\n\t\t<div class=\"sow-slider-image-overlay sow-slider-image-cover\" style=\"background-image: url(https:\/\/ww2.btcenglish.com.br\/wordpress\/wp-content\/uploads\/2015\/08\/e830b70a2cf4033ecd0b4204e2445b97e673e5d410b6164296_1920.jpg);opacity: 0.4\"  ><\/div>\t\t<\/li>\n\t\t<\/ul>\t\t\t\t<ol class=\"sow-slider-pagination\">\n\t\t\t\t\t\t\t\t\t\t\t<li><a href=\"#\" data-goto=\"0\" aria-label=\"display slide 1\"><\/a><\/li>\n\t\t\t\t\t\t\t\t\t<\/ol>\n\n\t\t\t\t<div class=\"sow-slide-nav sow-slide-nav-next\">\n\t\t\t\t\t<a href=\"#\" data-goto=\"next\" aria-label=\"next slide\" data-action=\"next\">\n\t\t\t\t\t\t<em class=\"sow-sld-icon-ultra-thin-right\"><\/em>\n\t\t\t\t\t<\/a>\n\t\t\t\t<\/div>\n\n\t\t\t\t<div class=\"sow-slide-nav sow-slide-nav-prev\">\n\t\t\t\t\t<a href=\"#\" data-goto=\"previous\" aria-label=\"previous slide\" data-action=\"prev\">\n\t\t\t\t\t\t<em class=\"sow-sld-icon-ultra-thin-left\"><\/em>\n\t\t\t\t\t<\/a>\n\t\t\t\t<\/div>\n\t\t\t\t<\/div><\/div><\/div><\/div><\/div><div id=\"pg-101-1\"  class=\"panel-grid panel-no-style\" ><div id=\"pgc-101-1-0\"  class=\"panel-grid-cell\" ><div id=\"panel-101-1-0-0\" class=\"so-panel widget widget_sow-editor panel-first-child\" data-index=\"1\" ><div\n\t\t\t\n\t\t\tclass=\"so-widget-sow-editor so-widget-sow-editor-base\"\n\t\t\t\n\t\t><h3 class=\"widget-title\">MODALIDADE IMERS\u00c3O 1 - Sete dias sequencias de Imers\u00e3o em ingl\u00eas - Presencial com hospedagem<\/h3>\n<div class=\"siteorigin-widget-tinymce textwidget\">\n\t<p><strong>Programa\u00e7\u00e3o:<\/strong> 60h aula\/em uma semana de IMERS\u00c3O em ingl\u00eas PRESENCIAL,\u00a0 + atividades extras (Com hopedagem).<br \/>\n<strong>Local:<\/strong> Hotel Curitiba Campo Comprido (Pr\u00f3ximo ao Cotolengo)<br \/>\nhttp:\/\/hotelcuritibacampocomprido.com.br\/curitiba\/hotel\/bairro-campo-comprido\/<\/p>\n<p><strong>Dura\u00e7\u00e3o:<\/strong> Uma semana semana cada n\u00edvel.<br \/>\n<strong>Apresenta\u00e7\u00e3o:<\/strong> sempre na sexta-feira anterior ao s\u00e1bado as 19:00h<br \/>\n<strong>Datas de in\u00edcio 1\u00ba semestre 2022:<\/strong> 28\/02\/2022 (semana do Carnaval)<br \/>\n<strong>Datas de in\u00edcio 2\u00basemestre 2022:<\/strong> em andamento<\/p>\n<\/div>\n<\/div><\/div><div id=\"panel-101-1-0-1\" class=\"so-panel widget widget_sow-editor\" data-index=\"2\" ><div\n\t\t\t\n\t\t\tclass=\"so-widget-sow-editor so-widget-sow-editor-base\"\n\t\t\t\n\t\t><h3 class=\"widget-title\">MODALIDADE IMERS\u00c3O 2 - Quatro finais de semana sequenciais em Imers\u00e3o em ingl\u00eas - Presencial com hospedagem<\/h3>\n<div class=\"siteorigin-widget-tinymce textwidget\">\n\t<p><strong>Programa\u00e7\u00e3o:<\/strong> 60h aula\/em 4 FINAIS DE SEMANA de imers\u00e3o PRESENCIAL em ingl\u00eas + atividades extras<br \/>\n<strong>Local:<\/strong> Hotel Curitiba Campo Comprido<br \/>\nhttp:\/\/hotelcuritibacampocomprido.com.br\/curitiba\/hotel\/bairro-campo-comprido\/<\/p>\n<p><strong>Dura\u00e7\u00e3o:<\/strong> Quatro finais de semana cada n\u00edvel.<br \/>\n<strong>Apresenta\u00e7\u00e3o:<\/strong> sempre na sexta-feira anterior ao s\u00e1bado as 19:00h<br \/>\n<strong>Datas de in\u00edcio 1\u00ba semestre 2022:<\/strong> 05\/02\/2022, 02\/04\/2022,<br \/>\n<strong>Datas de in\u00edcio 2\u00basemestre 2022:<\/strong> em andamento<\/p>\n<\/div>\n<\/div><\/div><div id=\"panel-101-1-0-2\" class=\"so-panel widget widget_sow-editor\" data-index=\"3\" ><div\n\t\t\t\n\t\t\tclass=\"so-widget-sow-editor so-widget-sow-editor-base\"\n\t\t\t\n\t\t><h3 class=\"widget-title\">MODALIDADE IMERS\u00c3O 3 e  5 - Quatro finais de semana sequenciais de imers\u00e3o em ingl\u00eas - ONLINE - 8h\/dia, e PRESENCIAL sem hospedagem<\/h3>\n<div class=\"siteorigin-widget-tinymce textwidget\">\n\t<p>O aluno faz parte de PROGRAMA de imers\u00e3o ONLINE somente aos finais de semana. Sendo 8h aula\/dia.<\/p>\n<p><strong>Dura\u00e7\u00e3o:<\/strong> quatro finais de semana cada n\u00edvel.<br \/>\n<strong>Apresenta\u00e7\u00e3o:<\/strong> sempre na sexta-feira anterior ao s\u00e1bado as 19:00h<br \/>\n<strong>Datas de in\u00edcio 1\u00ba semestre 2022:<\/strong> 05\/03\/2022, 07\/05\/2022<br \/>\n<strong>Datas de in\u00edcio 2\u00basemestre 2022:<\/strong> em andamento<\/p>\n<\/div>\n<\/div><\/div><div id=\"panel-101-1-0-3\" class=\"so-panel widget widget_sow-editor panel-last-child\" data-index=\"4\" ><div\n\t\t\t\n\t\t\tclass=\"so-widget-sow-editor so-widget-sow-editor-base\"\n\t\t\t\n\t\t><h3 class=\"widget-title\">MODALIDADE IMERS\u00c3O 4 -  QUATRO SEMANAS de imers\u00e3o em ingl\u00eas - ONLINE - 3h\/dia  <\/h3>\n<div class=\"siteorigin-widget-tinymce textwidget\">\n\t<p>O aluno faz parte de PROGRAMA de imers\u00e3o ONLINE por QUATRO SEMANAS<\/p>\n<p><strong>Dura\u00e7\u00e3o:<\/strong> quatro\u00a0 semanas cada n\u00edvel.<\/p>\n<p><strong>Hor\u00e1rio:<\/strong> 19:00 as 22:00<\/p>\n<p><strong>Dias<\/strong>: Segunda a Sexta<br \/>\n<strong>Datas de in\u00edcio 1\u00ba semestre 2022:<\/strong> 03\/01\/2022, 07\/02\/2022, 07\/03\/2022<br \/>\n<strong>Datas de in\u00edcio 2\u00basemestre 2022:<\/strong>\u00a0 04\/07\/2022, 08\/08\/2022<\/p>\n<\/div>\n<\/div><\/div><\/div><\/div><\/div>","protected":false},"excerpt":{"rendered":"<p>Programa\u00e7\u00e3o: 60h aula\/em uma semana de IMERS\u00c3O em ingl\u00eas PRESENCIAL,\u00a0 + atividades extras (Com hopedagem). Local: Hotel Curitiba Campo Comprido (Pr\u00f3ximo ao Cotolengo) http:\/\/hotelcuritibacampocomprido.com.br\/curitiba\/hotel\/bairro-campo-comprido\/ Dura\u00e7\u00e3o: Uma semana semana cada n\u00edvel. Apresenta\u00e7\u00e3o: sempre na sexta-feira anterior ao s\u00e1bado as 19:00h Datas de in\u00edcio 1\u00ba semestre 2022: 28\/02\/2022 (semana do Carnaval) Datas [&hellip;]<\/p>\n","protected":false},"author":1,"featured_media":0,"parent":0,"menu_order":0,"comment_status":"closed","ping_status":"closed","template":"page-templates\/template-pagebuilder-full-width.php","meta":[],"_links":{"self":[{"href":"https:\/\/ww2.btcenglish.com.br\/wordpress\/wp-json\/wp\/v2\/pages\/101"}],"collection":[{"href":"https:\/\/ww2.btcenglish.com.br\/wordpress\/wp-json\/wp\/v2\/pages"}],"about":[{"href":"https:\/\/ww2.btcenglish.com.br\/wordpress\/wp-json\/wp\/v2\/types\/page"}],"author":[{"embeddable":true,"href":"https:\/\/ww2.btcenglish.com.br\/wordpress\/wp-json\/wp\/v2\/users\/1"}],"replies":[{"embeddable":true,"href":"https:\/\/ww2.btcenglish.com.br\/wordpress\/wp-json\/wp\/v2\/comments?post=101"}],"version-history":[{"count":97,"href":"https:\/\/ww2.btcenglish.com.br\/wordpress\/wp-json\/wp\/v2\/pages\/101\/revisions"}],"predecessor-version":[{"id":4722,"href":"https:\/\/ww2.btcenglish.com.br\/wordpress\/wp-json\/wp\/v2\/pages\/101\/revisions\/4722"}],"wp:attachment":[{"href":"https:\/\/ww2.btcenglish.com.br\/wordpress\/wp-json\/wp\/v2\/media?parent=101"}],"curies":[{"name":"wp","href":"https:\/\/api.w.org\/{rel}","templated":true}]}}